= n. Let u(w) = -d(w) + 5*t(w). What is the tens digit of u(-12)?
1
Suppose 18 = 8*y - 2*y. What is the units digit of y?
3
Let z = 19 - 13. Let h be z - (-2 + (2 - 0)). Suppose -4*g = -3*i - 22, g + 3*i - h*i - 10 = 0. What is the units digit of g?
4
Let t be (1/(-3))/((-6)/54). Suppose t*n + n - 120 = 0. What is the tens digit of n?
3
Let y(l) = l + 2. Suppose 2*p = -4*u - 2, 2*u = u + 4*p - 14. Let r be y(u). Suppose r*h - 12 = -2*h. What is the units digit of h?
6
Let l(w) = -w - 1. Suppose 15 = 5*m + 70. What is the units digit of l(m)?
0
Suppose 2*l - 371 = -5*l. What is the tens digit of l?
5
Let q(b) = -20*b**3 + 2*b**2 + b + 2. Let k be q(2). What is the units digit of (-2)/9 - k/18?
8
Let c be (-7 + 1)*(-9)/18. Suppose 2*h + 4*r + 27 = 7*h, 0 = -2*h - c*r + 20. What is the units digit of h?
7
What is the tens digit of (0 - -17)/((-2)/(-8))?
6
Let y = 9 + -6. Suppose -w = 5*u + 13, 2*u = u - y. What is the units digit of w?
2
Let a = -9 + 9. Suppose 5*r - 56 - 4 = a. What is the units digit of r?
2
Suppose o = -3*o + 36. What is the units digit of 3/(-2)*(-30)/o?
5
Suppose 0 = -6*u + 3*u + 39. What is the units digit of u?
3
Suppose 0 = -3*p + 61 - 13. What is the units digit of p?
6
Suppose -3 = -2*u + 3*u + n, 5*u + 5 = -3*n. Suppose 3*o = 2*o + u. Suppose -l = -3*l + o, -5*y - l + 26 = 0. What is the units digit of y?
5
Let t(n) = n**2 - 7*n. Let r be t(7). Suppose 29 + r = o - x, -3*o + 4*x = -82. What is the units digit of o?
4
Let d(c) = -c + 3. Let r(f) = -f**2 + 2*f - 5. Let x(m) = -5*d(m) - 3*r(m). What is the units digit of x(-1)?
4
Let s(n) = -n + 8. What is the tens digit of s(-6)?
1
Suppose 3*p - 5 = 4*p, 2*q - 3*p = -3. Let w = 15 + q. Let i = 14 - w. What is the units digit of i?
8
Let b(k) = 2*k**3 - 5*k**2 + k + 2. Let p(u) = -u**3 + 3. Let z be p(0). Let i be b(z). What is the units digit of 8/(-28) - (-102)/i?
7
Let a = 796 + -347. What is the units digit of a?
9
What is the tens digit of (-15 - -4)*1*-2?
2
Suppose 0 = -3*a + 7*a + d - 127, -4*a - 2*d = -122. What is the units digit of a?
3
What is the hundreds digit of (-1 - 3)/(84/(-6258))?
2
Let r = 186 + -35. What is the hundreds digit of r?
1
Let t(y) = 2*y - 5. Let w(h) = h + 1. Suppose -4*u + q - 1 + 14 = 0, -2*u + 9 = -3*q. Let m be w(u). What is the units digit of t(m)?
3
Let c = -5 - -26. Let o be 2/(-4) - 27/2. Let p = o + c. What is the units digit of p?
7
Let z be ((-2)/(-6))/((-1)/(-9)). Suppose -4*k + 7 + z = 2*b, k - 9 = -b. Let h = b + -7. What is the units digit of h?
6
Suppose -2*l = 55 - 19. Let y = l - -29. Suppose 3*o = 4*o - y. What is the tens digit of o?
1
Let b(p) = -p**2 - 2*p. Let w be b(-1). Let f(u) = -u**2 - 3*u - 2. Let v be f(-2). Let k = w - v. What is the units digit of k?
1
Suppose -5*o + 5*a + 50 = 0, 3*a = -4*o + 2*a + 15. Suppose 0 - 5 = o*q, 3*f - 2*q = 26. What is the units digit of f?
8
Let d(f) = f**3 - 4*f**2 + 7. What is the units digit of d(5)?
2
Let d be (-315)/(-6) + 6/(-4). Let b = d - 31. Suppose h + 7 - b = 0. What is the units digit of h?
3
Suppose -4*r - 1 = 15. Let z be 194/8 - (-1)/r. Let m = z - 17. What is the units digit of m?
7
What is the tens digit of 9/12*-6*-6?
2
Let p = 0 - -33. What is the tens digit of p?
3
Suppose 11 = 2*f + 1. Suppose -47 - 38 = -f*u. What is the tens digit of u?
1
Let n be 1*(-2 - -1 - -12). Let v = n - 7. Suppose 27 = 3*j - v*w, -2*w + 3*w + 18 = 3*j. What is the units digit of j?
5
Suppose 0 = 5*v + 5*p - 30, -5*v + 2 = 3*p - 20. Suppose z + z - 6 = -2*d, -2*z + 18 = -v*d. What is the units digit of z?
6
Let s = -9 + 2. Let v = s - -4. What is the units digit of v/(-2) - 21/(-2)?
2
What is the units digit of ((-2)/4)/((18/84)/(-3))?
7
Let b(d) = 7*d - 6. What is the tens digit of b(4)?
2
Let d = 18 - 16. What is the units digit of d?
2
Suppose 175 = 4*c + 5*j, -j - j = 3*c - 126. What is the tens digit of c?
4
Suppose -z + 2*q = 3*z - 188, -50 = -z - q. What is the tens digit of z?
4
Let r(v) be the first derivative of v**2 - 2*v + 1/3*v**3 + 2. What is the units digit of r(-4)?
6
Suppose -669 = 17*n - 1910. What is the units digit of n?
3
Suppose 2*u - 14 = 4*a - 38, 3*u - 4*a = -30. Let r = u - -19. What is the tens digit of r?
1
Let w be 94/18 - 10/45. Let u(b) = b**3 - 5*b**2 - b + 7. Let g be u(w). Suppose g*n - 3*d = 4, 0*n - n - 4*d + 13 = 0. What is the units digit of n?
5
Let a(o) be the third derivative of o**4/12 - o**3 + o**2. What is the units digit of a(5)?
4
Let h be -1 - (-9)/(-6)*-2. Let v = -1 + h. What is the units digit of v?
1
Let x = 95 - 37. What is the tens digit of x?
5
Suppose c + 9 = -x - 2*c, 5*x + 3*c - 3 = 0. Let t be ((-3)/x)/1*3. What is the tens digit of 10/((-1)/t*3)?
1
Suppose 0 = -h - 3*h + 60. Suppose 4*i - 20 = 3*j, 0*i + h = 3*i - 5*j. Suppose m = 3*g + 5 + 7, i*m - 42 = -3*g. What is the units digit of m?
9
Let n = -2 + 3. Suppose 0 = 3*c - 4 + n. Suppose c - 9 = -3*u - f, -5*u + f = 0. What is the units digit of u?
1
Suppose -f = -41 - 2. What is the units digit of f?
3
Let o(w) = 6*w**2 - 13*w + 4. What is the units digit of o(5)?
9
Suppose -x = -g + 23, 4 = 5*x + 14. What is the tens digit of g?
2
Suppose i + 1 = 0, -3*p - 2*i + 4 + 3 = 0. Suppose -6*c = -p*c - 15. What is the units digit of c?
5
Let t(x) = x**2 + 4*x + 2. Let b be t(-4). Suppose -b*d + 15 = -d. What is the units digit of d?
5
Suppose -3*k = -0*k - 3. What is the units digit of k?
1
Let q(o) = 3*o**2 + o - 1. What is the units digit of q(-3)?
3
Let x(v) = v**2 - 10*v - 5. Suppose -3*t - 3*u = -45, -2*t - u = -4 - 22. What is the units digit of x(t)?
6
Let q(c) = c**2 + 7*c + 6. Let d be q(-7). What is the tens digit of 28 + d + (2 - 4)?
3
Let l = -12 + 8. Let s = 15 + l. What is the units digit of s?
1
Suppose 6*b + o - 7 = 5*b, 0 = 5*b - 4*o + 10. Suppose 4*d - 13 - 29 = -b*t, 4*d = 3*t + 67. What is the units digit of d?
3
What is the tens digit of (-5 - (-5 - 0)) + 225?
2
Let g be 6/(-21) + 298/14. Let z = g + 0. Let r = z + -9. What is the units digit of r?
2
Suppose -35 = -4*y + 5*g + 4, -5*g + 41 = y. What is the tens digit of y?
1
Let k = 27 - 15. What is the units digit of (-2)/(-8) - (-153)/k?
3
Let t = 10 - -117. What is the units digit of t?
7
Let q be 7/2 + 1/2. Let s be ((-2)/6)/(2/(-30)). Suppose 0 = -s*v - i + q*i + 7, -i + 1 = 0. What is the units digit of v?
2
Let m(r) = 2*r + 42. What is the units digit of m(0)?
2
Suppose 4*y + 680 = 14*y. What is the tens digit of y?
6
Suppose -u - 375 = -4*u. What is the tens digit of u?
2
Suppose -108 = 25*v - 27*v. What is the units digit of v?
4
What is the tens digit of (79 + -3)*6/8?
5
Suppose 0 = 5*a - 5*t - 65, 0 - 35 = -5*a - 5*t. Let w = a + -4. What is the units digit of 190/15 - 4/w?
2
Suppose 0 = b + 4*x + 2 + 3, 3*x = 2*b - 12. Suppose -2*u = b*a + 7, -14 = -4*u + a + 7. Suppose 5 = u*r - 43. What is the tens digit of r?
1
Let w(k) = 6*k**2 - 2*k + 4. Let a be w(3). Suppose 154 = 5*q - 4*s - a, -4*q - 2*s = -144. What is the units digit of (-2)/(-7) - q/(-14)?
3
Let k(a) = -a. Let f(u) = 24*u**2 - 5*u. Let w(l) = f(l) - 6*k(l). What is the units digit of w(-1)?
3
Let q(n) be the second derivative of -n**3 - 3*n**2/2 + n. Suppose 4*j = p - 0*j + 14, -2*p - 1 = j. What is the units digit of q(p)?
9
Let c = 6 - 0. Let o = c - -2. What is the units digit of o?
8
Suppose -2*m - 8 = 2*m. Let l be (m + 1 - -4)/(-1). Let p = 0 - l. What is the units digit of p?
3
Suppose 4*f - 27 = -h + 22, 4*f - h - 47 = 0. What is the tens digit of f?
1
Suppose -3*a = -8*a + 10. Suppose -3*f = 6, a*f = -7*v + 2*v + 76. What is the tens digit of v?
1
Suppose u + 0*u = 2. Suppose 2*t + u*t - 40 = 0. What is the tens digit of t?
1
Let k = 17 + -9. Let y(i) = 4*i - 4. What is the units digit of y(k)?
8
Let n be (80/(-24))/((-4)/78). Suppose n = 3*m - 3*k - 2*k, 42 = 2*m - 2*k. What is the tens digit of m?
2
Let r(n) = n**3 + 13*n**2 + 12*n + 12. What is the tens digit of r(-11)?
2
Let w = -41 + 12. Let i = w + 49. What is the units digit of i?
0
Let n(k) be the third derivative of -3*k**6/40 - k**5/60 - k**4/24 - k**3/6 - 2*k**2. What is the units digit of n(-1)?
8
Let w(o) = -o**3 - 11*o**2 + 4*o + 9. What is the units digit of w(-13)?
5
Let p = -3 + 24. What is the tens digit of p?
2
Let m = 48 - -17. What is the tens digit 